. Give j(-11).
14
Let u(q) = 28*q**2 - 3*q. Give u(2).
106
Let c(s) = -2*s**3 - 3*s**2 + 6*s + 15. Determine c(-2).
7
Let j(t) = 3*t**3 - 17*t**2 - 4*t - 8. Calculate j(6).
4
Let j(d) = -10*d + 3. Give j(9).
-87
Let n(a) = a**3 - 3*a**2 + 1. What is n(-2)?
-19
Let s(l) = 2*l + 38. Calculate s(-22).
-6
Let o(p) = -p**3 + 6*p**2 + 4*p + 11. What is o(7)?
-10
Let k(i) = -i - 33. What is k(-14)?
-19
Let g(m) = -26*m - 1. Determine g(1).
-27
Let o(s) = -3*s - 9. Calculate o(4).
-21
Let r(b) = -3*b**2 - 2*b + 1. Determine r(1).
-4
Let y(w) = -4*w**2 + 32*w - 10. Calculate y(7).
18
Let g(d) = 2*d - 28. What is g(12)?
-4
Let g(t) = -135*t + 804. Give g(6).
-6
Let m(a) = 13*a - 411. Determine m(32).
5
Let k(s) = s**2 - 24*s - 6. Give k(25).
19
Let g(f) = -f**3 - 7*f**2 - 2*f - 10. Determine g(-7).
4
Let z(a) = 10*a**2 + 3*a - 1. Calculate z(1).
12
Let a(h) = 7*h + 8. What is a(-3)?
-13
Let k(g) = -g**3 - 10*g**2 - 7*g + 3. Give k(-9).
-15
Let g(l) = l**2 - 2*l - 16. Calculate g(8).
32
Let g(f) = -4*f - 210. Determine g(-48).
-18
Let z(c) = c**3 + 3*c**2 - 15*c - 8. Give z(-8).
-208
Let f(v) = -4*v**2 - 27*v. Give f(-7).
-7
Let h(t) = 3*t - 50. Determine h(10).
-20
Let h(s) = 30*s - 7. Calculate h(1).
23
Let a(y) = -y**3 + 9*y**2 - 7*y - 10. Calculate a(7).
39
Let z(j) = -j**3 + 15*j**2 + 7*j + 5. Determine z(16).
-139
Let z(i) = i**2 + 6*i - 18. Give z(-8).
-2
Let j(c) = -c**3 - 9*c**2 - 4*c - 3. Give j(-7).
-73
Let a(x) = x**3 + 10*x**2 + 7*x - 9. Calculate a(-9).
9
Let b(v) = v**2 + 14*v + 31. Give b(-9).
-14
Let z(c) = c**2 + 37*c + 317. Give z(-13).
5
Let c(x) = x + 7. Give c(6).
13
Let x(d) = d**2 + d - 5. Calculate x(-3).
1
Let h(d) = 4*d + 7. Determine h(-2).
-1
Let b(k) = 4*k - 3. Give b(9).
33
Let x(h) = -h**2 - 15*h - 55. Determine x(-10).
-5
Let x(j) = 5*j**3 - 24*j**2 - 2*j - 7. Determine x(5).
8
Let a(y) = -y**3 + y**2 + 5*y - 2. What is a(4)?
-30
Let q(o) = o**3 - 2*o**2 - 4*o - 2. Calculate q(-1).
-1
Let p(v) = -3*v**3 + 2*v**2 + 5*v + 2. Determine p(-1).
2
Let h(j) = j**2 - 4*j + 2. What is h(0)?
2
Let f(o) = o**2 + 9*o + 21. Give f(-7).
7
Let i(o) = o**3 + 25*o**2 + 25*o + 23. Give i(-24).
-1
Let v(u) = u**2 + 3*u - 140. What is v(11)?
14
Let q(u) = -u + 11. Calculate q(5).
6
Let l(w) = -4*w - 39. What is l(-7)?
-11
Let a(m) = -4*m + 67. What is a(15)?
7
Let p(l) = 5*l - 66. Calculate p(14).
4
Let y(v) = -2*v**2 - 22*v - 3. Give y(-10).
17
Let y(b) = -b**3 + b**2 + b + 5. What is y(3)?
-10
Let p(j) = j**3 - 22*j**2 + 16*j - 34. Give p(21).
-139
Let j(z) = z**2 + 21*z + 37. Determine j(-12).
-71
Let f(i) = -6*i + 31. Give f(6).
-5
Let p(k) = 14*k**2 + 98*k + 6. Determine p(-7).
6
Let v(q) = -q**2 - 13*q + 39. Determine v(-14).
25
Let d(o) = o**2 - 10*o + 12. Calculate d(11).
23
Let a(s) = -s**2 - 25*s + 347. Calculate a(10).
-3
Let l(w) = -4*w**2 + 8*w - 16. What is l(5)?
-76
Let p(o) = 4*o + 1. Determine p(1).
5
Let p(t) = 2*t**2 - 2*t - 2. Determine p(-2).
10
Let h(c) = -5*c. Determine h(14).
-70
Let n(d) = 9*d - 26. Calculate n(-7).
-89
Let m(n) = -n**2 + 5*n + 42. Give m(10).
-8
Let x(u) = -7*u + 128. Give x(22).
-26
Let i(j) = j**2 - 21*j + 35. What is i(19)?
-3
Let m(b) = -b - 55. Give m(-14).
-41
Let a(h) = 2*h + 29. Give a(19).
67
Let s(y) = -y**3 + 5*y**2 - y - 2. Determine s(3).
13
Let g(k) = 24*k**3 - 4*k - 5. Calculate g(-1).
-25
Let a(u) = u**2 - 8*u + 19. Determine a(5).
4
Let p(j) = -j**2 - 7*j - 3. What is p(-6)?
3
Let y(l) = l**3 + 26*l**2 + 48*l - 1. Calculate y(-24).
-1
Let u(l) = -2*l**2 - 39*l - 51. Give u(-18).
3
Let b(a) = -3*a**2 - 12*a - 6. Give b(-3).
3
Let u(o) = -o**2 - 27*o - 118. What is u(-21)?
8
Let w(y) = y**2 - 6*y - 11. What is w(10)?
29
Let d(r) = 2*r + 10. Calculate d(-15).
-20
Let s(q) = -16*q + 102. Calculate s(6).
6
Let a(r) = -r**3 - 11*r**2 - 2*r + 24. What is a(-10)?
-56
Let n(q) = 10*q + 8. Calculate n(3).
38
Let a(k) = 17*k**2 + 4*k + 4. Give a(-1).
17
Let z(a) = -10*a**3 - 5*a**2 - 3*a + 2. Calculate z(-2).
68
Let s(o) = -o**2 - 10*o - 4. Determine s(-7).
17
Let b(d) = 2*d**2 - 19*d - 41. Determine b(12).
19
Let u(m) = -3*m + 62. What is u(23)?
-7
Let a(i) = i**3 - 15*i**2 + 6*i - 54. Calculate a(15).
36
Let o(d) = -d**3 + 6*d**2 - 11*d + 6. Calculate o(5).
-24
Let a(x) = -x**3 - 2*x**2 - 8. Calculate a(0).
-8
Let s(c) = c**3 + 6*c**2 - 10*c. Calculate s(-7).
21
Let j(b) = -b**3 + 4*b**2 + 8*b - 17. Calculate j(6).
-41
Let h(j) = -j**3 + 6*j**2 + 8*j - 11. Calculate h(7).
-4
Let i(h) = -h**3 + 19*h**2 + 21*h - 25. Give i(20).
-5
Let n(k) = k**2 + 20*k - 19. Calculate n(-23).
50
Let w(u) = -u**2 - 8*u + 14. What is w(-5)?
29
Let m(g) = -4*g**3 - g**2 - 2*g + 2. Calculate m(1).
-5
Let v(m) = 5*m + 16. Give v(-7).
-19
Let r(l) = -l**2 + 14*l + 16. What is r(14)?
16
Let s(q) = q**3 + 16*q**2 - 36*q - 5. Calculate s(-18).
-5
Let r(i) = -122*i**2 - 3*i - 1. Determine r(-1).
-120
Let m(z) = z**2 + 2*z + 1. Determine m(-7).
36
Let o(a) = -a**3 - 28*a**2 + 29*a. What is o(-29)?
0
Let j(v) = -7*v**3 + 3*v**2 - v - 2. Give j(-1).
9
Let y(m) = -m**2 - 10*m - 8. Determine y(-8).
8
Let p(w) = -w**2 - 11*w - 16. What is p(-9)?
2
Let p(w) = -w**2 + 9*w - 6. What is p(6)?
12
Let l(u) = -8*u. Calculate l(-4).
32
Let u(c) = 22*c - 353. Give u(16).
-1
Let u(i) = -2*i**3 - 45*i**2 - 20*i + 29. Give u(-22).
-15
Let j(k) = -k**3 - 4*k**2 + 4. Give j(-4).
4
Let n(h) = h**3 - 4*h**2 - 4*h - 5. Determine n(5).
0
Let o(i) = i + 22. Give o(-10).
12
Let k(h) = -2*h**3 - 2*h**2 + h + 4. Calculate k(-2).
10
Let f(n) = 4*n - 5. Determine f(2).
3
Let z(j) = j**3 - 3*j**2 - 10*j + 11. Calculate z(6).
59
Let s(q) = q**3 + 20*q**2 + q + 25. Calculate s(-20).
5
Let h(n) = -n + 67. What is h(55)?
12
Let f(y) = y**2 + 10*y - 21. Calculate f(-12).
3
Let w(y) = y**3 + 50*y**2 + 144*y + 139. Give w(-47).
-2
Let h(q) = -q + 3. Give h(-4).
7
Let n(s) = s**3 + 10*s**2 + 6*s + 6. Determine n(-10).
-54
Let o(z) = z**2 + 10*z + 3. What is o(-10)?
3
Let s(u) = -18*u**3 - u**2 + u + 1. Determine s(-1).
17
Let k(q) = -19*q + 31. Calculate k(5).
-64
Let u(h) = -h**3 + 6*h**2 - 5*h. Give u(6).
-30
Let c(s) = s**3 + 29*s**2 - 2*s - 71. Give c(-29).
-13
Let w(x) = 4*x**2 - 29*x - 9. What is w(6)?
-39
Let y(t) = -3*t**2 - t - 6. Determine y(-3).
-30
Let g(n) = -n**3 - 74*n**2 - 407*n + 75. What is g(-68)?
7
Let b(o) = o**2 + 6*o + 4. Give b(-4).
-4
Let h(w) = -4*w**3 + 2*w**2 - 5*w + 13. Give h(3).
-92
Let p(o) = -2*o**3 - 17*o**2 + 9*o + 11. Determine p(-9).
11
Let u(c) = c**3 + 7*c**2 - 8*c - 7. Determine u(-8).
-7
Let y(n) = -n**2 - 3*n + 1. Give y(-3).
1
Let t(j) = 19*j**2 - j. Determine t(-1).
20
Let i(s) = s**3 - s**2 + 2*s - 8. What is i(0)?
-8
Let v(w) = -w**3 - w**2 + w - 2. Give v(-4).
42
Let k(h) = h**3 - 4*h + 3. Determine k(3).
18
Let i(w) = 6*w**3 - 9*w**2 + 12*w - 2. Determine i(1).
7
Let w(f) = f**3 + 4*f**2 - 10*f - 4. Give w(-6).
-16
Let n(t) = -3*t**2 - 15*t + 4. Determine n(-9).
-104
Let v(u) = u**2 + 12*u - 33. Give v(4).
31
Let t(k) = -k + 10. Determine t(4).
6
Let r(o) = -2*o**2 - 3*o. What is r(-3)?
-9
Let o(j) = -2*j**2 - 51*j - 7. Give o(-25).
18
Let u(d) = d - 5. Calculate u(7).
2
Let b(l) = -l**3 + l**2 - 3*l - 4. Give b(0).
-4
Let h(d) = 25*d - 1. What is h(-1)?
-26
Let v(r) = -r**3 - 36*r**2 - 34*r + 41. Give v(-35).
6
Let i(u) = 22*u**2 + 2*u - 1. Give i(1).
23
Let t(q) = -9*q - 2. Determine t(-1).
7
Let z(n) = n**2 - 11. Determine z(5).
14
Let t(j) = -j**3 - 12*j**2 - 3*j - 15. What is t(-12)?
21
Let g(l) = -l**3 + 18*l**2 + 2*l - 47. Give g(18).
-11
Let i(l) = -l**2 + 11*l - 1. What is i(9)?
17
Let r(n) = -n**3 - 10*n**2 + 26*n + 18. Calculate r(-12).
-6
Let i(x) = 2*x**2 - 8*x - 9. Give i(6).
15
Let k(a) = 2*a**3 + 4*a**2 - 1. Determine k(-3).
-19
Let h(m) = -17*m**2 - 1. What is h(-1)?
-18
Let f(d) = d + 4. What is f(1)?
5
Let o(s) = 34*s + 167. Calculate o(-5).
-3
Let x(d) = 4*d**2 - 2. Give x(-2).
14
Let b(o) = -3*o**2 - o + 11. What is b(3)?
-19
Let v(m) = 5*m + 214. Determine v(-41).
9
Let q(j) = -28*j**2 - 1. Calculate q(-1).
-29
Let q(j) = -j**3 - 3*j**2 + 13*j - 13. Calculate q(-6).
17
Let b(j) = j + 3. Determine b(-3).
0
Let r(y) = 2*y**2 - 4*y - 46. What is r(6)?
2
Let v(r) = 2*r**2 + 46*r - 350. What is v(6)?
-2
Let q(g) = -3*g**2 + 8*g + 40. What is q(-3)?
-11
Let y(t) = t**3 - 4*t**2 + t - 6. De